 -0*s, t = -s + 3947. Is t composite?
False
Let n be 5/((8/4)/2). Suppose -3*f = n*k - 6, 3*f = 2*f - 3*k + 2. Suppose f*j - 60 = -2*j. Is j a prime number?
False
Let k(r) = 4*r**2 + 4*r - 3. Let y be k(1). Suppose -4*j + 390 = q - 3340, -3*j - y*q = -2789. Is j prime?
False
Let c(q) = -5*q - 2. Let l be c(-4). Let z = l + -16. Is 0/z + 3 + 234 prime?
False
Suppose 3*u + 2*j - 36401 = -2*j, -5*u - 3*j + 60661 = 0. Is u prime?
False
Let s = -6071 + 10854. Is s composite?
False
Let d(s) be the third derivative of 3*s**4/4 - 41*s**3/6 - s**2. Is d(22) composite?
True
Is ((-1751160)/16)/(-15) - (-1)/2 prime?
True
Let o(q) = 3*q**2 - 6*q + 7. Let u be (-6)/(-8) + (-1818)/(-72). Suppose -5*n = -5*g + 1 - 11, 5*g = -n + u. Is o(n) a prime number?
True
Let t = 9 - 4. Let d(g) = g**3 - 5*g**2 + g - 5. Let k be d(t). Is k/(8/2) - -337 a composite number?
False
Let a be (-19)/(-7) - 2/(-7). Suppose 4*o + 9 - 20 = -a*m, -3*o = -2*m - 4. Is (1 + m)*69/2 prime?
False
Let b(u) = 302*u + 15. Is b(12) a composite number?
True
Suppose -4*x = -3*l + 36698, -21*x + 17*x = -2*l + 24472. Is l a composite number?
True
Is (-2)/((-2400532)/342932 + 1 + 6) composite?
False
Let b(m) = -2*m - 4. Let j be b(-4). Suppose -2*h + 0 = 4*v - j, 0 = -2*v. Suppose 3*i + h*i = 845. Is i a prime number?
False
Let d(q) = -43959*q**2. Let g be d(-1). Is g/(-45) + (-8)/(-60) prime?
True
Let u be -4 + 5/((-10)/(-12)). Let b be 24/(-12) + (u - 1). Is 4192/10 + b/5 a prime number?
True
Let y be ((-2605)/15)/(15/9 + -2). Let t = y + 32. Is t a composite number?
True
Suppose 0 = -4*m - 2399 + 26323. Is m a composite number?
False
Let n be (3 - 3)*2/4. Suppose n*j + 2564 = 4*j. Is j a composite number?
False
Suppose -3*t = -3*y, 0 = -5*y + 2*y + 2*t + 3. Suppose -f = -0*f - y. Suppose -7*d = -f*d - 1468. Is d composite?
False
Suppose 0 = -56*s + 53*s + 4*r + 4042, 0 = s + 2*r - 1344. Is s a composite number?
True
Let h = 2782 + -1964. Is h prime?
False
Is (7/7)/(-3 - (-137140)/45713) composite?
True
Suppose 3*n - 757 = -2*l, 4*l + 6*n - 8*n - 1506 = 0. Is l a prime number?
False
Let s(q) = q + 1. Let u(k) = 129*k - 4. Let x(d) = 4*s(d) + u(d). Let h be 21/27 + (-4)/(-18). Is x(h) composite?
True
Let n(g) = -g**2 + 25*g - 55. Let x(q) = 2*q**2 - 49*q + 109. Let j(c) = 5*n(c) + 3*x(c). Is j(21) composite?
False
Suppose 2*v - 1653 - 4455 = 0. Suppose v = t + 5*t. Is t a composite number?
False
Suppose 5*u + 7*j = 2*j + 14420, 3*j = 5*u - 14444. Is u a composite number?
False
Let q(p) = -p**2 + 12*p - 6. Let u be q(10). Is u*1013/(-10)*-5 composite?
True
Let j = -12 - -12. Suppose -2*u - 2*m + 558 = -0*u, j = -4*u - 2*m + 1114. Suppose -5*f + u = -167. Is f a composite number?
False
Is 5 + 26354 + 4 + -6 a prime number?
True
Let s = -82 - -85. Suppose 3*b + 17907 = s*p - 0*b, -4 = -2*b. Is p a composite number?
True
Let t(d) = d - 2. Let k be t(6). Suppose -o + k*m = 9, 7*o - 3*o = 4*m. Suppose 2*b - s - 36 = -2*b, -o*s + 2 = -b. Is b a composite number?
True
Let w = 3166 + -1085. Is w a prime number?
True
Let f be (-108)/(-24) - 1/(-2). Suppose -c + 854 = c - f*z, c - z = 427. Is c composite?
True
Let b(v) be the first derivative of -v**4/4 + 5*v**3/3 - v**2 + 6*v + 1. Let k be b(5). Is 34*(-39)/24*k prime?
False
Let t = 4 - 3. Let h = t + -5. Is (-5482)/(-26) + h/(-26) prime?
True
Suppose 8697 = -5*m + 18*m. Is m composite?
True
Suppose -18*d + 12*d = -16482. Is d a prime number?
False
Suppose -4*n + 317 - 45 = 0. Let b = 47 + n. Is b a composite number?
True
Is (-9)/6*(-623210)/105 prime?
False
Let x be 2/(-10) - 234/(-45). Suppose n = -3*n - x*h - 13, -h - 32 = 5*n. Let y(a) = -a**3 - 4*a**2 + 2*a + 16. Is y(n) prime?
True
Let n = 178 - 2. Let i = n + -83. Is i a prime number?
False
Suppose 2*x + 2*c - 25850 = 0, -64649 = -5*x + 5*c - 4*c. Is x composite?
True
Suppose -b + 72578 = 21*b. Is b composite?
False
Let r(n) = 1199*n**3 + 3*n**2 - n - 8. Let o be r(-4). Is -2*(-2)/16 + o/(-112) prime?
False
Let v be ((-3)/4*-2)/(12/80). Suppose -6964 = -v*m + 646. Is m prime?
True
Suppose -8*a + 123 - 155 = 0. Let m(k) be the first derivative of -k**4/2 - 4*k**3/3 - 5*k - 1. Is m(a) a prime number?
True
Suppose -2*l + 18 = -5*r, 0 - 36 = -4*l + r. Let o = -9 + l. Is (-187)/(o + 4/(-4)) a composite number?
True
Suppose 4*y + 8 = 6*y. Suppose -6*h = -y*h - 22. Let k(q) = 26*q + 1. Is k(h) a prime number?
False
Let j(z) = 204*z - 25. Is j(3) a composite number?
False
Suppose 0 = y + 4, 2*x - 18 = y + y. Suppose 3*l + 102 - 38 = n, x = l. Is n a prime number?
True
Let i be (-30)/(-3)*2/5. Suppose -g - 8 = -4*n + 9, -4*n = i*g + 8. Suppose -29 = -n*m + 400. Is m a composite number?
True
Let g be -12*((-7136)/3 - -1). Suppose 38*z - g = 34*z. Is z prime?
False
Let r(l) = 25*l**2 + 8*l - 4. Let i be r(3). Let m = -82 + i. Is m a composite number?
False
Suppose 5*y + 4*w - 35168 = 285, 2*w - 28366 = -4*y. Is y a prime number?
False
Let h(c) = 2*c**2 - 61*c + 124. Is h(-30) a composite number?
True
Suppose 0 = -3*p - 4*k + 36197, -34*p - 48304 = -38*p + 5*k. Is p prime?
True
Suppose -5*m - 4 = -2*b, 3*b - 7 = -5*m - 1. Let k be 1 - (2 - 4 - 0). Suppose 0*o + 3*l - 489 = -k*o, b*l + 8 = 0. Is o a composite number?
False
Suppose 11 = 7*g - 3. Suppose j - 4*o - 1197 = 0, 3619 = 3*j - 7*o + g*o. Is j a prime number?
True
Suppose -4*t - 10 = -6*t. Suppose 27 + 23 = t*k. Let d(z) = -z**3 + 10*z**2 + 10*z - 11. Is d(k) composite?
False
Suppose 5*u + 487 + 538 = 0. Suppose -4*m + 828 = -2*m. Let c = m + u. Is c a prime number?
False
Suppose 3*q + 78 = 297. Let d = q - -112. Let x = d + -36. Is x a composite number?
False
Let d(a) = -a**3 + 5*a**2 + 7*a - 4. Let s be d(6). Suppose 3*n = 4*p + 569, -p + 330 + 53 = s*n. Is n a prime number?
True
Let m = 692 - 392. Suppose -b + 221 = -m. Is b prime?
True
Suppose 27*d = 28*d - 3181. Is d a prime number?
True
Let j(y) = -37*y**2 - y + 19. Let k(g) = -38*g**2 - 2*g + 18. Let i(h) = -7*j(h) + 6*k(h). Is i(-6) a prime number?
False
Suppose 42*v - 338846 = -56060. Is v a prime number?
True
Is (-27235)/(-10) + -1 - (-6)/(-12) a composite number?
True
Suppose 2*u + 2*x - 5*x - 1161 = 0, -1704 = -3*u - 3*x. Is (u/9)/(1/15) a prime number?
False
Let h = 8090 - 4182. Is h/44 - (-6)/33 prime?
True
Suppose 4*s = 2*p + 4978, -2*s + 6223 = 3*s - 2*p. Let j = s - 1836. Let h = 946 + j. Is h a prime number?
False
Suppose 27*c = 24*c + 102. Suppose z + 3 - c = 0. Is z a prime number?
True
Let c(w) = -w**3 + w**2 - 6*w + 2631. Is c(0) composite?
True
Suppose c + 8 = -3*n, 5*n + 5*c = 2*n + 8. Is (-2)/(n/12*12/4258) a prime number?
True
Let r be (-27)/(3/(-12) - 78/(-344)). Suppose 5*h - 1084 - r = 0. Is h composite?
False
Is 1292406/235*(-1)/(-4)*10 a composite number?
True
Let v(j) = -2*j**2 + 12*j + 4. Let w be v(6). Suppose 16 = w*f - 0. Suppose -128 = -f*t - 52. Is t prime?
True
Suppose -2*t + 5*t = -3*w - 9, 3*w - 26 = 4*t. Suppose -5*h + 1889 + 196 = w*q, -1272 = -3*h + 3*q. Is h composite?
False
Let c(w) = w + 5. Let t be c(-4). Let b(z) = 149*z + 4. Let l(d) = -149*d - 3. Let p(u) = -3*b(u) - 4*l(u). Is p(t) a composite number?
False
Is 2022/8 - (-10)/8 prime?
False
Let o(w) = 347*w - 337. Is o(40) a prime number?
False
Suppose 0 = -g - 4*h + 32141, -84613 - 43951 = -4*g - 4*h. Is g composite?
False
Suppose -2*c + 6*c - 448 = 0. Let z = -45 + c. Is z a prime number?
True
Let n = 1447 + -188. Is n a composite number?
False
Let v = 7989 - 3438. Suppose 3*a + 2*s - 13609 = 3*s, -v = -a + 4*s. Is a prime?
False
Is 6833 - (9 + -3*12/18) a prime number?
False
Let l(b) be the second derivative of 3*b**4/4 + 2*b**3 - 3*b**2/2 - 9*b. Is l(8) a composite number?
True
Let k(h) = -16*h**3 + h + 1. Let f be k(-1). Suppose 4*n = 2*i + f - 4, -i + 4*n = 14. Suppose 299 = -0*m + m + i*a, -5*m + a = -1451. Is m composite?
True
Suppose 0 = i - 2*g + 55, -170 = 4*i + g + 32. Let o = i + 220. Is o composite?
True
Let o(c) = -62*c**3 + 2*c**2 + c + 2. Let a(g) = -4*g + 2. Let r be a(1). Let t be o(r). Suppose -2 = -2*v - 10, 4*d + v = t. Is d composite?
False
Let x(t) = t**3 - 4*t**2 - 9*t - 1. Let l be x(-5). Let u = l - -900. Is u a composite number?
False
Suppose -4*j + 25206 = 2*j. Is j composite?
False
Suppose -218 = -5*t - 3*k + 128, 140 = 2*t + 2*k. Suppose -p - 7 = -t. Suppose -l + j + 